3
Let c(t) = t**2 + 6*t - 3. Suppose -s = -4 + 3. Suppose 2*l - 3*a + 27 - 2 = 0, 0 = -2*l - 5*a - s. What are the prime factors of c(l)?
13
Suppose 5*s = -3 - 17. Let j = s - -21. List the prime factors of (j - -2)*(5 - 4).
19
Suppose -153 = -2*i + 3*k, 2*i - 156 = -0*i + 2*k. Suppose 0 = -4*o - 1 + i. List the prime factors of (8/o)/(2/20).
2
Let r(i) = i - 1. Let f(z) = -3*z**2 + 8*z - 5. Let a(q) = -f(q) + 6*r(q). List the prime factors of a(-1).
2
Let s(b) = -b**2 - 9*b + 4. Let u = -2 + 5. Suppose -3*h - u*i = 36, -4*h - 3*i = 67 - 22. What are the prime factors of s(h)?
2
Let m = -64 + 128. What are the prime factors of m?
2
Suppose 7*h = 11*h - 152. List the prime factors of h.
2, 19
Suppose -3*v + 4*v = -2*y + 239, -3*y + 4*v + 364 = 0. Suppose 4*g - y = -0*g. List the prime factors of g.
2, 3, 5
Let t = 16 + -1. List the prime factors of t.
3, 5
Let j be 2/10 - 41/5. Let q = 10 + j. Suppose q*s = -s + 27. List the prime factors of s.
3
Suppose 2*n = 2*t - 12, -t - 3*n = -0*t - 6. Suppose -t*j = -3*j - 18. Let r(g) = -g**3 + 7*g**2 - 6*g + 2. What are the prime factors of r(j)?
2
Let i = 3 - 9. Let n = 11 + i. What are the prime factors of n?
5
Let s(c) be the third derivative of c**7/84 + c**6/180 - c**4/24 + c**3/3 + c**2. Let h(k) be the first derivative of s(k). What are the prime factors of h(1)?
11
Suppose 16 - 3 = r. Suppose -2*o - 3 = -3*o. List the prime factors of o/(r/(-8) + 2).
2
Suppose -2*a + 146 = -398. List the prime factors of a.
2, 17
Suppose -2*a + 100 = -40. Suppose -5*t + w = -a, -4*w - 99 = -5*t - 29. What are the prime factors of t?
2, 7
Let h(i) = -i**2 - i + 1. Let k be h(-6). Let g = k + 59. List the prime factors of g.
2, 3, 5
Let z = -10 + 16. Let t(n) = -n**3 + 5*n**2 + 9*n - 3. List the prime factors of t(z).
3, 5
Let i(n) = 7*n**3 + 6*n**2 + 7*n - 8. List the prime factors of i(3).
2
List the prime factors of -2*((-177)/6 + 4).
3, 17
Let f be (-1 - 2)/(6/(-4)). What are the prime factors of (7 - -1) + (-2)/f?
7
Suppose -3*h = -12, -q - 5*h = q + 46. List the prime factors of -2 - -3 - q - -2.
2, 3
Let a be 0 - (0 + 2/1). Let s be (-1)/((4/(-1))/44). Let o = s + a. What are the prime factors of o?
3
Let n = 331 - 232. What are the prime factors of n?
3, 11
Let k be (-2)/3 + (-2)/6. Let j be 3 + (k - -3) + -9. List the prime factors of (-1 - j)/((-6)/(-4)).
2
Let h be -3 - ((3 - 4) + -6). Suppose h*o + o = 130. List the prime factors of o.
2, 13
Let p = 8 + -16. Let v(x) = -x**3 + 2*x**2 - 2*x + 1. Let g be v(1). Let y = g - p. What are the prime factors of y?
2
Let y = 13 + -10. Suppose 3*t - 63 = -y*b, 0*t = -4*b + 2*t + 66. What are the prime factors of b?
2, 3
Let l(d) = d**2. Let z be l(2). Let m be (-2)/(-8) - 118/(-8). Suppose i + 2*g - 7 = -2*g, 0 = -i + z*g + m. What are the prime factors of i?
11
Suppose 5*i + 15 = 10. Let a(c) = 52*c**2 + 2*c + 1. What are the prime factors of a(i)?
3, 17
Let h(w) = -6*w + 163. List the prime factors of h(0).
163
Suppose -2 = 2*d - 0. List the prime factors of ((-5)/2)/d*2.
5
Let c(r) = -4*r**3 + r**2 - 1. Let p be c(-1). Suppose 0 = -p*v - v - 25. Let n = 0 - v. List the prime factors of n.
5
Let k = -12 - -22. Let a = k + 20. What are the prime factors of a?
2, 3, 5
Let y be 2/(2 - 4/3). Let w(h) = h**2 - 2. Let g be w(-6). Suppose -u + 7 = -d - 3, y*u = 5*d + g. List the prime factors of u.
2
Let x(y) = y**3 + 8*y**2 + 6*y - 6. Let n be x(-7). Let k = 17 + n. Let h = -11 + k. What are the prime factors of h?
7
Suppose -4*h - 7 = -127. List the prime factors of h.
2, 3, 5
Let j = 7 - -5. Suppose -5*m + 40 = 5*g, 0 = -m - 3*m + j. List the prime factors of g.
5
List the prime factors of (-8)/5*(2 - 1)*-115.
2, 23
Let y be (-18)/(-24) + 2/8. Let r be 1*(0 - -3 - y). What are the prime factors of 1 + (-2)/(-3 + r)?
3
Suppose -4*o + 43 = 5*g, -g = -0 + 1. Suppose -3*s + 5*j = s - 16, 3*s - j = o. Suppose -s*f - 3*h = -58, -4*f + 5*h + 17 = -25. List the prime factors of f.
13
Suppose -3*g + 12 = -0*g. Suppose -5*q + 0*q - 20 = 0, 0 = -5*c - g*q - 1. What are the prime factors of c?
3
Suppose u = 6*u. Let f(k) = -k**3 + k**2 + 41. List the prime factors of f(u).
41
Suppose 0 = -4*h + 15 + 5, -h - 40 = -5*g. Suppose 3*l + 4 = 1. Let s = g + l. List the prime factors of s.
2
Suppose 4*f + 3*b - 4 = 2*f, 5*b = -5*f + 10. Suppose f*y - 4*y = -56. Let x = -14 + y. List the prime factors of x.
2, 7
Let p(k) = k**2 - 2*k + 5. List the prime factors of p(7).
2, 5
Let o(y) = y**3 - 9*y**2 + 10*y - 1. Let v be 1 - (3 + -9 + -1). List the prime factors of o(v).
3, 5
Let p(n) = -n**3 + 5*n**2 + 4*n + 7. What are the prime factors of p(-4)?
3, 5
Suppose 3*p - 60 = -0*p. What are the prime factors of p?
2, 5
Let v(s) = s**2 + 7*s - 5. Let u be (2/(-6))/(3/(-9)). Let o be (u - 3)/((-14)/(-63)). List the prime factors of v(o).
13
Suppose -3*p = -132 - 96. List the prime factors of p.
2, 19
Let m(i) = i**3 - 8*i**2 + 6*i - 12. Let l be m(8). Let z = l + -16. List the prime factors of z.
2, 5
Let q = -20 + 40. What are the prime factors of q?
2, 5
Suppose 6*p - 2*p = 8. Suppose 10 = 2*f + p. Suppose f = v - 0*v. List the prime factors of v.
2
Let w be 4/(-22) + (-2)/(-11). Suppose n + 2*k = 22 - 8, 2*n + 2*k - 22 = w. Suppose -3*p = -n*p + 20. List the prime factors of p.
2
Let h = 1 - -2. Suppose -10 - 11 = -h*a. Suppose 6 = z - a. List the prime factors of z.
13
Suppose -b = -3*q - 7, -4*b = -9*b - 5*q + 15. Suppose z + b = 7. What are the prime factors of z?
3
Let w be 4/18 - (-356)/18. Suppose -2*k = -w - 0. List the prime factors of k.
2, 5
Suppose -4*i = -5*r - 7 - 23, 4*i = 3*r + 26. Suppose z + 5*o - o = 7, 0 = i*o. List the prime factors of z.
7
Suppose 68 - 251 = -z. What are the prime factors of z?
3, 61
Suppose 5*z - 240 = -2*n, -2*n - 25 = 3*n. Suppose 3*m = -2*d + 25, -m + z = 5*d + 4*m. Suppose 4 = d*b - 16. What are the prime factors of b?
2
Suppose -2*h + 12 = -2*t, 3*t = -4*h - 2*t - 3. Suppose -h*m = 2*m - 10. Suppose 3*o + 5 = 5*r, -m*r = 2*o - o - 13. List the prime factors of r.
2
Let r(j) be the third derivative of j**4/12 - 2*j**3 - 4*j**2. List the prime factors of r(9).
2, 3
Let j(t) = 15*t**2 + 15*t - 15. Let i be (-4)/6 + 20/(-6). Let x(g) = 7*g**2 + 7*g - 7. Let k(s) = i*j(s) + 9*x(s). What are the prime factors of k(-3)?
3, 5
Let z(n) = -n + 7. Let a be z(-9). Let l = a - 7. List the prime factors of l.
3
Let r(t) = 1 + 10 + 6 + t - 2*t. List the prime factors of r(10).
7
Let o = 6 + -7. Let q(m) = 12*m**2. What are the prime factors of q(o)?
2, 3
Suppose 0 = -5*u - 0*u + 45. Suppose 7 + u = 4*v - 4*a, -5*v = -3*a - 20. What are the prime factors of v?
2
Let s(k) = 5*k - 5. Let h be s(4). Suppose -4 = -3*g - 5*i - h, -5*g + 7 = 2*i. Suppose -3*z = -z - 10, -t + z + g = 0. List the prime factors of t.
2
Let x = 16 - 18. Let n(v) = -v**3 + v**2 + 2*v + 2. What are the prime factors of n(x)?
2, 5
Let t = -44 - -119. List the prime factors of t.
3, 5
Suppose q + 4*h = 10, -4*q + h + 19 = -4*h. Let y = 7 + q. What are the prime factors of y?
13
Suppose 0 = -0*l - l + 16. Suppose 0 = 4*u - 0*u + l. List the prime factors of 345/39 - u/26.
3
Suppose 0 = -2*w + 193 + 85. What are the prime factors of w?
139
Let d(w) = 16*w + 31. List the prime factors of d(6).
127
Let z(y) = y**2 + y + 100. Let h be z(0). Suppose 5*b = -0*b + h. Suppose -3*n + b + 1 = 0. List the prime factors of n.
7
Suppose -4*u + 8*u = 8. Let b be u/(-8) + (-9)/(-4). Suppose 0 = -b*v - 3*v + 65. List the prime factors of v.
13
Let x = -2 - -17. Suppose 2*l = l + x. List the prime factors of l.
3, 5
Let y(x) = -x**3 + 13*x**2 + 14*x - 5. Let u be y(14). Let a(n) = n**3 + 8*n**2 + 4*n - 1. List the prime factors of a(u).
2, 3
Let r be (-14)/(-6) + 4/6. Let q be 9/3 + 7 + r. What are the prime factors of (-2)/(-4)*(q + -3)?
5
Let n(t) = -t**3 - 3*t**2 + 3*t + 5. Let w(s) = -2*s**2 + s + 2. Let j be w(2). List the prime factors of n(j).
3
Let s be 8/3*(-45)/12. What are the prime factors of (-154)/(-35) + 4/s?
2
Suppose -5*m - 320 = 3*w, -3*m + 3*w - 350 = 2*m. Let i be m/(-4) + (-3)/(-12). List the prime factors of (-1)/(-3) + i/3.
2, 3
Let d(u) = 13*u + 12. What are the prime factors of d(6)?
2, 3, 5
Suppose r - 4 = -3*b - 3, -2*r = -3*b + 16. Suppose -b*k = -4*k + 6. Suppose -k*g = 2*m -